{"id":207,"date":"2024-08-24T07:26:37","date_gmt":"2024-08-24T10:26:37","guid":{"rendered":"https:\/\/departamentos.uepb.edu.br\/ads\/?page_id=207"},"modified":"2024-08-24T10:40:28","modified_gmt":"2024-08-24T13:40:28","slug":"links","status":"publish","type":"page","link":"https:\/\/departamentos.uepb.edu.br\/ads\/links\/","title":{"rendered":"Links"},"content":{"rendered":"<h3>UEPB<\/h3>\n<ul>\n<li>Portal Oficial da Universidade Estadual da Para\u00edba<br \/>\n<a href=\"http:\/\/www.uepb.edu.br\/\" target=\"_blank\" rel=\"nofollow noopener\">www.uepb.edu.br<\/a><\/li>\n<li>Centro de Ci\u00eancias Biol\u00f3gicas e Sociais Aplicadas (CCBSA) \u2013 Jo\u00e3o Pessoa\/PB<br \/>\n<a href=\"http:\/\/centros.uepb.edu.br\/ccbsa\">centros.uepb.edu.br\/ccbsa<\/a><\/li>\n<li>Pr\u00f3-Reitoria de Gradua\u00e7\u00e3o (PROGRAD)<br \/>\n<a href=\"http:\/\/proreitorias.uepb.edu.br\/prograd\/\" target=\"_blank\" rel=\"nofollow noopener\">proreitorias.uepb.edu.br\/prograd<\/a><\/li>\n<\/ul>\n<hr \/>\n<h3>SECTIES<\/h3>\n<ul>\n<li>Secretaria da Ci\u00eancia, Tecnologia, Inova\u00e7\u00e3o e Ensino Superior<br \/>\n<a href=\"https:\/\/paraiba.pb.gov.br\/diretas\/secretaria-da-ciencia-tecnologia-inovacao-e-ensino-superior\" target=\"_blank\" rel=\"nofollow noopener\">https:\/\/paraiba.pb.gov.br\/diretas\/secretaria-da-ciencia-tecnologia-inovacao-e-ensino-superior<\/a><\/li>\n<\/ul>\n<hr \/>\n<h3><a name=\"TOC-Ag-ncias-de-Fomento\"><\/a>Ag\u00eancias de Fomento<\/h3>\n<ul>\n<li>CAPES \u2013 Coordena\u00e7\u00e3o de Aperfei\u00e7oamento de Pessoal de N\u00edvel Superior<br \/>\n<a href=\"http:\/\/www.capes.gov.br\/\" target=\"_blank\" rel=\"nofollow noopener\">www.capes.gov.br<\/a><\/li>\n<li>CNPQ \u2013 Conselho Nacional de Desenvolvimento Cient\u00edfico e Tecnol\u00f3gico<br \/>\n<a href=\"http:\/\/www.cnpq.br\/\" target=\"_blank\" rel=\"nofollow noopener\">www.cnpq.br<\/a><\/li>\n<li>FAPESQ &#8211; Funda\u00e7\u00e3o de Apoio \u00e0 Pesquisa do Estado da Para\u00edba<br \/>\n<a href=\"https:\/\/fapesq.rpp.br\/\" target=\"_blank\" rel=\"nofollow noopener\">https:\/\/fapesq.rpp.br\/<\/a><\/li>\n<\/ul>\n","protected":false},"excerpt":{"rendered":"<p>UEPB Portal Oficial da Universidade Estadual da Para\u00edba www.uepb.edu.br Centro de Ci\u00eancias Biol\u00f3gicas e Sociais Aplicadas (CCBSA) \u2013 Jo\u00e3o Pessoa\/PB centros.uepb.edu.br\/ccbsa Pr\u00f3-Reitoria de Gradua\u00e7\u00e3o (PROGRAD) proreitorias.uepb.edu.br\/prograd SECTIES Secretaria da Ci\u00eancia, Tecnologia, Inova\u00e7\u00e3o e Ensino Superior https:\/\/paraiba.pb.gov.br\/diretas\/secretaria-da-ciencia-tecnologia-inovacao-e-ensino-superior Ag\u00eancias de Fomento CAPES \u2013 Coordena\u00e7\u00e3o de Aperfei\u00e7oamento de Pessoal de N\u00edvel Superior www.capes.gov.br CNPQ \u2013 Conselho Nacional de <a class=\"leiamais\" href=\"https:\/\/departamentos.uepb.edu.br\/ads\/links\/\">Leia Mais&#8230;<\/a><\/p>\n","protected":false},"author":23,"featured_media":0,"parent":0,"menu_order":0,"comment_status":"closed","ping_status":"closed","template":"","meta":{"footnotes":""},"class_list":["post-207","page","type-page","status-publish","hentry"],"_links":{"self":[{"href":"https:\/\/departamentos.uepb.edu.br\/ads\/wp-json\/wp\/v2\/pages\/207","targetHints":{"allow":["GET"]}}],"collection":[{"href":"https:\/\/departamentos.uepb.edu.br\/ads\/wp-json\/wp\/v2\/pages"}],"about":[{"href":"https:\/\/departamentos.uepb.edu.br\/ads\/wp-json\/wp\/v2\/types\/page"}],"author":[{"embeddable":true,"href":"https:\/\/departamentos.uepb.edu.br\/ads\/wp-json\/wp\/v2\/users\/23"}],"replies":[{"embeddable":true,"href":"https:\/\/departamentos.uepb.edu.br\/ads\/wp-json\/wp\/v2\/comments?post=207"}],"version-history":[{"count":5,"href":"https:\/\/departamentos.uepb.edu.br\/ads\/wp-json\/wp\/v2\/pages\/207\/revisions"}],"predecessor-version":[{"id":214,"href":"https:\/\/departamentos.uepb.edu.br\/ads\/wp-json\/wp\/v2\/pages\/207\/revisions\/214"}],"wp:attachment":[{"href":"https:\/\/departamentos.uepb.edu.br\/ads\/wp-json\/wp\/v2\/media?parent=207"}],"curies":[{"name":"wp","href":"https:\/\/api.w.org\/{rel}","templated":true}]}}