{"id":212,"date":"2025-08-08T08:50:03","date_gmt":"2025-08-08T11:50:03","guid":{"rendered":"https:\/\/departamentos.uepb.edu.br\/cienciadedados\/?page_id=212"},"modified":"2026-04-08T11:09:46","modified_gmt":"2026-04-08T14:09:46","slug":"duvidas-frequentes","status":"publish","type":"page","link":"https:\/\/departamentos.uepb.edu.br\/cienciadedados\/duvidas-frequentes\/","title":{"rendered":"D\u00favidas Frequentes"},"content":{"rendered":"<p>[vc_column][\/vc_column][vc_tta_accordion style=&#8221;modern&#8221; shape=&#8221;square&#8221; c_icon=&#8221;triangle&#8221; active_section=&#8221;&#8221; collapsible_all=&#8221;true&#8221;][vc_tta_section title=&#8221;Consegui uma vaga como estagi\u00e1rio(a) em uma empresa. O que devo preencher?&#8221; tab_id=&#8221;1&#8243;][vc_column_text css=&#8221;&#8221;]<\/p>\n<p style=\"text-align: justify\">Acesse a p\u00e1gina <a href=\"https:\/\/uepb.edu.br\/prograd\/estagio-e-programas\/estagio-supervisionado\/\" target=\"_blank\" rel=\"noopener\">Est\u00e1gio Supervisionado<\/a> e preencha o <a href=\"https:\/\/uepb.edu.br\/prograd\/download\/plano-de-estagio-obrigatorio\/?wpdmdl=23883&amp;masterkey\" target=\"_blank\" rel=\"noopener\">Plano de Est\u00e1gio Obrigat\u00f3rio<\/a> e o <a href=\"https:\/\/uepb.edu.br\/prograd\/download\/tc-obrigatorio-celia-mbm-seguros-2023\/\" target=\"_blank\" rel=\"noopener\">Termo de Compromisso de Est\u00e1gio<\/a>. Ap\u00f3s isso, encaminhe esses dois documentos assinados por voc\u00ea e pelo supervisor da empresa para o e-mail da coordena\u00e7\u00e3o do curso e aguarde instru\u00e7\u00f5es.<\/p>\n<p>[\/vc_column_text][\/vc_tta_section][vc_tta_section title=&#8221;N\u00e3o consigo solicitar o e-mail institucional. O que posso fazer?&#8221; tab_id=&#8221;1755544678599-5f22eeab-7e7d&#8221;][vc_column_text css=&#8221;&#8221;]<\/p>\n<p style=\"text-align: justify\">Caso n\u00e3o consiga gerar a solicita\u00e7\u00e3o do e-mail institucional pelo SUAP, entre em contato com a secretaria presencialmente ou por e-mail informando o problema.<\/p>\n<p>[\/vc_column_text][\/vc_tta_section][vc_tta_section title=&#8221;Quanto preciso integralizar de carga hor\u00e1ria em Atividades Acad\u00eamicas Cient\u00edfico-Culturais (AACC)?&#8221; tab_id=&#8221;1754846596778-911d8c37-e4cf&#8221;][vc_column_text css=&#8221;&#8221;]<\/p>\n<p style=\"text-align: justify\">S\u00e3o necess\u00e1rias 210 horas integralizadas em AACC. Os certificados precisam ser enviados via SUAP. Os crit\u00e9rios para a integraliza\u00e7\u00e3o encontram-se no <a href=\"https:\/\/uepb.edu.br\/prograd\/download\/ppc-tecnologia-em-ciencia-de-dados\/\">PPC do curso<\/a> ou na p\u00e1gina <a href=\"https:\/\/departamentos.uepb.edu.br\/cienciadedados\/atividades-complementares\/\">Atividades Complementares<\/a>. Lembrando que as atividades precisam ter sido feitas estando matriculado(a) no curso de Ci\u00eancia de Dados. Atividades realizadas antes da matr\u00edcula inicial n\u00e3o ser\u00e3o aceitas.<\/p>\n<p>[\/vc_column_text][\/vc_tta_section][vc_tta_section title=&#8221;Como fa\u00e7o para conseguir orientador(a) de TCC?&#8221; tab_id=&#8221;2&#8243;][vc_column_text css=&#8221;&#8221;]<\/p>\n<p style=\"text-align: justify\">Acesse a p\u00e1gina <a href=\"https:\/\/departamentos.uepb.edu.br\/cienciadedados\/docentes\/\" target=\"_blank\" rel=\"noopener\">Docentes<\/a> para buscar as \u00e1reas de pesquisa e eixos norteadores dos professores que mais se adequam ao que voc\u00ea pretende realizar. Envie um e-mail a(o) professor(a) para fazer o convite de orienta\u00e7\u00e3o.<\/p>\n<p>[\/vc_column_text][\/vc_tta_section][vc_tta_section title=&#8221;Quantas faltas posso ter sem ser reprovado na disciplina?&#8221; tab_id=&#8221;4&#8243;][vc_column_text css=&#8221;&#8221;]<\/p>\n<p style=\"text-align: justify\">Para n\u00e3o ser reprovado(a) por falta na disciplina, o(a) estudante tem direito de faltar NO M\u00c1XIMO 25% das aulas.<\/p>\n<p>[\/vc_column_text][\/vc_tta_section][vc_tta_section title=&#8221;Como fa\u00e7o para ter acesso ao Restaurante Universit\u00e1rio do Campus V?&#8221; tab_id=&#8221;5&#8243;][vc_column_text css=&#8221;&#8221;]Fique atento(a) aos editais de novas vagas do restaurante.[\/vc_column_text][\/vc_tta_section][vc_tta_section title=&#8221;No SUAP diz que o curso \u00e9 vinculado ao CCT\/Campina Grande. Est\u00e1 correto?&#8221; tab_id=&#8221;6&#8243;][vc_column_text css=&#8221;&#8221;]<\/p>\n<p style=\"text-align: justify\">Sim! O curso \u00e9 vinculado ao CCT\/Campus I em Campina Grande, mas o nosso polo \u00e9 em Jo\u00e3o Pessoa.<\/p>\n<p>[\/vc_column_text][\/vc_tta_section][vc_tta_section title=&#8221;Preciso tirar a carteira de estudante mas n\u00e3o aceitaram a declara\u00e7\u00e3o do SUAP pois diz que sou estudante de Campina Grande. O que posso fazer?&#8221; tab_id=&#8221;7&#8243;][vc_column_text css=&#8221;&#8221;]<\/p>\n<p style=\"text-align: justify\">Caso necess\u00e1rio, solicite uma declara\u00e7\u00e3o f\u00edsica na secretaria da coordena\u00e7\u00e3o na UEPB.<\/p>\n<p>[\/vc_column_text][\/vc_tta_section][vc_tta_section title=&#8221;Como fa\u00e7o pra ter acesso ao Wi-fi da UEPB?&#8221; tab_id=&#8221;8&#8243;][vc_column_text css=&#8221;&#8221;]Acesse a p\u00e1gina <a href=\"http:\/\/doc.uepb.edu.br\/tutoriais\/Wi-Fi\/wi-fi\/\" target=\"_blank\" rel=\"noopener\">Configura\u00e7\u00e3o Wi-Fi<\/a> para maiores informa\u00e7\u00f5es.[\/vc_column_text][\/vc_tta_section][vc_tta_section title=&#8221;Posso solicitar aproveitamento de disciplinas?&#8221; tab_id=&#8221;1755171996150-dae7cf92-d032&#8243;][vc_column_text css=&#8221;&#8221;]Pode sim, diretamente no SUAP. O per\u00edodo de solicita\u00e7\u00e3o encontra-se no <a href=\"https:\/\/uepb.edu.br\/prograd\/calendario-academico\/\" target=\"_blank\" rel=\"noopener\">Calend\u00e1rio Acad\u00eamico<\/a>. Lembrando que as disciplinas de <strong>Projeto Integrador e Pr\u00e1tica Profissional, TCC I<\/strong> e <strong>TCC II<\/strong> N\u00c3O poder\u00e3o ser aproveitadas.[\/vc_column_text][\/vc_tta_section][\/vc_tta_accordion][vc_column][\/vc_column][vc_column][\/vc_column][vc_column][\/vc_column][vc_column][\/vc_column][vc_column][\/vc_column]<\/p>\n","protected":false},"excerpt":{"rendered":"<p>[vc_column][\/vc_column][vc_tta_accordion style=&#8221;modern&#8221; shape=&#8221;square&#8221; c_icon=&#8221;triangle&#8221; active_section=&#8221;&#8221; collapsible_all=&#8221;true&#8221;][vc_tta_section title=&#8221;Consegui uma vaga como estagi\u00e1rio(a) em uma empresa. O que devo preencher?&#8221; tab_id=&#8221;1&#8243;][vc_column_text css=&#8221;&#8221;] Acesse a p\u00e1gina Est\u00e1gio Supervisionado e preencha o Plano de Est\u00e1gio Obrigat\u00f3rio e o Termo de Compromisso de Est\u00e1gio. Ap\u00f3s isso, encaminhe esses dois documentos assinados por voc\u00ea e pelo supervisor da empresa para o <a class=\"leiamais\" href=\"https:\/\/departamentos.uepb.edu.br\/cienciadedados\/duvidas-frequentes\/\">Leia Mais&#8230;<\/a><\/p>\n","protected":false},"author":23,"featured_media":0,"parent":0,"menu_order":0,"comment_status":"closed","ping_status":"closed","template":"","meta":{"footnotes":""},"class_list":["post-212","page","type-page","status-publish","hentry"],"_links":{"self":[{"href":"https:\/\/departamentos.uepb.edu.br\/cienciadedados\/wp-json\/wp\/v2\/pages\/212","targetHints":{"allow":["GET"]}}],"collection":[{"href":"https:\/\/departamentos.uepb.edu.br\/cienciadedados\/wp-json\/wp\/v2\/pages"}],"about":[{"href":"https:\/\/departamentos.uepb.edu.br\/cienciadedados\/wp-json\/wp\/v2\/types\/page"}],"author":[{"embeddable":true,"href":"https:\/\/departamentos.uepb.edu.br\/cienciadedados\/wp-json\/wp\/v2\/users\/23"}],"replies":[{"embeddable":true,"href":"https:\/\/departamentos.uepb.edu.br\/cienciadedados\/wp-json\/wp\/v2\/comments?post=212"}],"version-history":[{"count":33,"href":"https:\/\/departamentos.uepb.edu.br\/cienciadedados\/wp-json\/wp\/v2\/pages\/212\/revisions"}],"predecessor-version":[{"id":836,"href":"https:\/\/departamentos.uepb.edu.br\/cienciadedados\/wp-json\/wp\/v2\/pages\/212\/revisions\/836"}],"wp:attachment":[{"href":"https:\/\/departamentos.uepb.edu.br\/cienciadedados\/wp-json\/wp\/v2\/media?parent=212"}],"curies":[{"name":"wp","href":"https:\/\/api.w.org\/{rel}","templated":true}]}}