{"id":92,"date":"2025-08-04T15:16:40","date_gmt":"2025-08-04T18:16:40","guid":{"rendered":"https:\/\/departamentos.uepb.edu.br\/cienciadedados\/?page_id=92"},"modified":"2025-09-13T06:39:58","modified_gmt":"2025-09-13T09:39:58","slug":"duracao-do-curso","status":"publish","type":"page","link":"https:\/\/departamentos.uepb.edu.br\/cienciadedados\/duracao-do-curso\/","title":{"rendered":"Dura\u00e7\u00e3o do Curso"},"content":{"rendered":"<div class=\"wpb-content-wrapper\"><p>[vc_row][vc_column el_class=&#8221;conf-branco&#8221;][vc_column_text css=&#8221;&#8221;]<\/p>\n<p style=\"text-align: justify\" data-start=\"260\" data-end=\"509\">O Curso Superior de Tecnologia em Ci\u00eancia de Dados &#8211; polo Jo\u00e3o Pessoa da Universidade Estadual da Para\u00edba (UEPB) possui uma estrutura curricular planejada para ser integralizada no <strong data-start=\"422\" data-end=\"462\">prazo de 4 semestres (2 anos).<\/strong><\/p>\n<p style=\"text-align: justify\" data-start=\"511\" data-end=\"967\">Com uma carga hor\u00e1ria total distribu\u00edda em turno <strong data-start=\"561\" data-end=\"599\">integral (diurno e noturno)<\/strong>, o curso oferece uma forma\u00e7\u00e3o intensiva e alinhada \u00e0s demandas do mercado e \u00e0 din\u00e2mica das tecnologias emergentes. Essa organiza\u00e7\u00e3o permite ao estudante desenvolver, de forma acelerada e consistente, compet\u00eancias t\u00e9cnicas e anal\u00edticas voltadas \u00e0 Ci\u00eancia de Dados, com \u00eanfase em projetos pr\u00e1ticos, integra\u00e7\u00e3o interdisciplinar e imers\u00e3o em ambientes reais de aplica\u00e7\u00e3o.<\/p>\n<p style=\"text-align: justify\" data-start=\"969\" data-end=\"1226\">A flexibilidade de tempo para conclus\u00e3o respeita o ritmo e a realidade do estudante, promovendo uma forma\u00e7\u00e3o s\u00f3lida e qualificada, mas tamb\u00e9m acess\u00edvel e compat\u00edvel com o contexto de jovens egressos da rede p\u00fablica ou profissionais em transi\u00e7\u00e3o de carreira.<\/p>\n<p>[\/vc_column_text][\/vc_column][\/vc_row][vc_row][vc_column width=&#8221;1\/2&#8243;][vc_single_image image=&#8221;665&#8243; img_size=&#8221;full&#8221; onclick=&#8221;custom_link&#8221; img_link_target=&#8221;_blank&#8221; css=&#8221;&#8221; link=&#8221;https:\/\/uepb.edu.br\/uepb-e-governo-do-estado-celebram-a-formatura-de-50-novos-profissionais-de-ti-do-projeto-limite-do-visivel\/&#8221;][\/vc_column][vc_column width=&#8221;1\/2&#8243;][vc_single_image image=&#8221;664&#8243; img_size=&#8221;full&#8221; onclick=&#8221;custom_link&#8221; img_link_target=&#8221;_blank&#8221; css=&#8221;&#8221; link=&#8221;https:\/\/uepb.edu.br\/uepb-e-governo-do-estado-celebram-a-formatura-de-50-novos-profissionais-de-ti-do-projeto-limite-do-visivel\/&#8221;][\/vc_column][\/vc_row]<\/p>\n<\/div>","protected":false},"excerpt":{"rendered":"<p>[vc_row][vc_column el_class=&#8221;conf-branco&#8221;][vc_column_text css=&#8221;&#8221;] O Curso Superior de Tecnologia em Ci\u00eancia de Dados &#8211; polo Jo\u00e3o Pessoa da Universidade Estadual da Para\u00edba (UEPB) possui uma estrutura curricular planejada para ser integralizada no prazo de 4 semestres (2 anos). Com uma carga hor\u00e1ria total distribu\u00edda em turno integral (diurno e noturno), o curso oferece uma forma\u00e7\u00e3o intensiva <a class=\"leiamais\" href=\"https:\/\/departamentos.uepb.edu.br\/cienciadedados\/duracao-do-curso\/\">Leia Mais&#8230;<\/a><\/p>\n","protected":false},"author":23,"featured_media":0,"parent":0,"menu_order":0,"comment_status":"closed","ping_status":"closed","template":"","meta":{"footnotes":""},"class_list":["post-92","page","type-page","status-publish","hentry"],"_links":{"self":[{"href":"https:\/\/departamentos.uepb.edu.br\/cienciadedados\/wp-json\/wp\/v2\/pages\/92","targetHints":{"allow":["GET"]}}],"collection":[{"href":"https:\/\/departamentos.uepb.edu.br\/cienciadedados\/wp-json\/wp\/v2\/pages"}],"about":[{"href":"https:\/\/departamentos.uepb.edu.br\/cienciadedados\/wp-json\/wp\/v2\/types\/page"}],"author":[{"embeddable":true,"href":"https:\/\/departamentos.uepb.edu.br\/cienciadedados\/wp-json\/wp\/v2\/users\/23"}],"replies":[{"embeddable":true,"href":"https:\/\/departamentos.uepb.edu.br\/cienciadedados\/wp-json\/wp\/v2\/comments?post=92"}],"version-history":[{"count":18,"href":"https:\/\/departamentos.uepb.edu.br\/cienciadedados\/wp-json\/wp\/v2\/pages\/92\/revisions"}],"predecessor-version":[{"id":695,"href":"https:\/\/departamentos.uepb.edu.br\/cienciadedados\/wp-json\/wp\/v2\/pages\/92\/revisions\/695"}],"wp:attachment":[{"href":"https:\/\/departamentos.uepb.edu.br\/cienciadedados\/wp-json\/wp\/v2\/media?parent=92"}],"curies":[{"name":"wp","href":"https:\/\/api.w.org\/{rel}","templated":true}]}}