{"id":24,"date":"2025-08-18T11:32:11","date_gmt":"2025-08-18T14:32:11","guid":{"rendered":"https:\/\/departamentos.uepb.edu.br\/cienciadedadoscg\/?page_id=24"},"modified":"2025-08-18T14:40:54","modified_gmt":"2025-08-18T17:40:54","slug":"duvidas-frequentes","status":"publish","type":"page","link":"https:\/\/departamentos.uepb.edu.br\/cienciadedadoscg\/duvidas-frequentes\/","title":{"rendered":"D\u00favidas Frequentes"},"content":{"rendered":"<div class=\"wpb-content-wrapper\"><p>[vc_row][vc_column][vc_tta_accordion style=&#8221;modern&#8221; c_icon=&#8221;triangle&#8221; active_section=&#8221;&#8221; collapsible_all=&#8221;true&#8221;][vc_tta_section title=&#8221; N\u00e3o consigo solicitar o e-mail institucional. O que posso fazer?&#8221; tab_id=&#8221;1755538779357-48c6aaa1-7a78&#8243;][vc_column_text css=&#8221;&#8221;]Caso n\u00e3o consiga gerar a solicita\u00e7\u00e3o do e-mail institucional pelo SUAP, entre em contato com a secretaria presencialmente ou por e-mail informando o problema.[\/vc_column_text][\/vc_tta_section][vc_tta_section title=&#8221;Quanto preciso integralizar de carga hor\u00e1ria em Atividades Acad\u00eamicas Cient\u00edfico-Culturais (AACC)?&#8221; tab_id=&#8221;1755538779361-8360859f-884e&#8221;][vc_column_text css=&#8221;&#8221;]S\u00e3o necess\u00e1rias 210 horas integralizadas em AACC. Os certificados precisam ser enviados via SUAP. Os crit\u00e9rios para a integraliza\u00e7\u00e3o encontram-se no\u00a0PPC do curso\u00a0ou na p\u00e1gina\u00a0Atividades Complementares. Lembrando que as atividades precisam ter sido feitas estando matriculado(a) no curso de Ci\u00eancia de Dados. Atividades realizadas antes da matr\u00edcula inicial n\u00e3o ser\u00e3o aceitas.[\/vc_column_text][\/vc_tta_section][\/vc_tta_accordion][\/vc_column][\/vc_row]<\/p>\n<\/div>","protected":false},"excerpt":{"rendered":"<p>[vc_row][vc_column][vc_tta_accordion style=&#8221;modern&#8221; c_icon=&#8221;triangle&#8221; active_section=&#8221;&#8221; collapsible_all=&#8221;true&#8221;][vc_tta_section title=&#8221; N\u00e3o consigo solicitar o e-mail institucional. O que posso fazer?&#8221; tab_id=&#8221;1755538779357-48c6aaa1-7a78&#8243;][vc_column_text css=&#8221;&#8221;]Caso n\u00e3o consiga gerar a solicita\u00e7\u00e3o do e-mail institucional pelo SUAP, entre em contato com a secretaria presencialmente ou por e-mail informando o problema.[\/vc_column_text][\/vc_tta_section][vc_tta_section title=&#8221;Quanto preciso integralizar de carga hor\u00e1ria em Atividades Acad\u00eamicas Cient\u00edfico-Culturais (AACC)?&#8221; tab_id=&#8221;1755538779361-8360859f-884e&#8221;][vc_column_text css=&#8221;&#8221;]S\u00e3o necess\u00e1rias <a class=\"leiamais\" href=\"https:\/\/departamentos.uepb.edu.br\/cienciadedadoscg\/duvidas-frequentes\/\">Leia Mais&#8230;<\/a><\/p>\n","protected":false},"author":13,"featured_media":0,"parent":0,"menu_order":0,"comment_status":"closed","ping_status":"closed","template":"","meta":{"footnotes":""},"class_list":["post-24","page","type-page","status-publish","hentry"],"_links":{"self":[{"href":"https:\/\/departamentos.uepb.edu.br\/cienciadedadoscg\/wp-json\/wp\/v2\/pages\/24","targetHints":{"allow":["GET"]}}],"collection":[{"href":"https:\/\/departamentos.uepb.edu.br\/cienciadedadoscg\/wp-json\/wp\/v2\/pages"}],"about":[{"href":"https:\/\/departamentos.uepb.edu.br\/cienciadedadoscg\/wp-json\/wp\/v2\/types\/page"}],"author":[{"embeddable":true,"href":"https:\/\/departamentos.uepb.edu.br\/cienciadedadoscg\/wp-json\/wp\/v2\/users\/13"}],"replies":[{"embeddable":true,"href":"https:\/\/departamentos.uepb.edu.br\/cienciadedadoscg\/wp-json\/wp\/v2\/comments?post=24"}],"version-history":[{"count":4,"href":"https:\/\/departamentos.uepb.edu.br\/cienciadedadoscg\/wp-json\/wp\/v2\/pages\/24\/revisions"}],"predecessor-version":[{"id":71,"href":"https:\/\/departamentos.uepb.edu.br\/cienciadedadoscg\/wp-json\/wp\/v2\/pages\/24\/revisions\/71"}],"wp:attachment":[{"href":"https:\/\/departamentos.uepb.edu.br\/cienciadedadoscg\/wp-json\/wp\/v2\/media?parent=24"}],"curies":[{"name":"wp","href":"https:\/\/api.w.org\/{rel}","templated":true}]}}