{"id":121,"date":"2019-06-16T18:40:49","date_gmt":"2019-06-16T21:40:49","guid":{"rendered":"https:\/\/departamentos.uepb.edu.br\/comp-ccea\/?page_id=121"},"modified":"2023-09-22T11:05:53","modified_gmt":"2023-09-22T14:05:53","slug":"eventos","status":"publish","type":"page","link":"https:\/\/departamentos.uepb.edu.br\/comp-ccea\/eventos\/","title":{"rendered":"Eventos"},"content":{"rendered":"\r\n<p>&nbsp;<\/p>\r\n\r\n\r\n\r\n<p class=\"has-medium-font-size\"><strong>SERCOMP (Congresso Sertanejo de Computa\u00e7\u00e3o)<\/strong><\/p>\r\n<p><span style=\"font-weight: 400\">O curso de Ci\u00eancia da Computa\u00e7\u00e3o da UEPB &#8211; Campus VII conta com um evento anual, organizado pela Coordena\u00e7\u00e3o em conjunto com o Centro Acad\u00eamico e com o apoio da Dire\u00e7\u00e3o de centro, o SERCOMP, que reune<\/span><span style=\"font-weight: 400\"> estudantes de gradua\u00e7\u00e3o e curso t\u00e9cnico, docentes e pesquisadores interessados em desenvolver aplica\u00e7\u00f5es tecnol\u00f3gicas para o sert\u00e3o paraibano com uma programa\u00e7\u00e3o conta com\u00a0 minicursos, palestras, hackathon, apresenta\u00e7\u00f5es culturais e de trabalhos cient\u00edficos.<\/span><\/p>\r\n<p>A p\u00e1gina do evento est\u00e1 dispon\u00edvel <a href=\"http:\/\/sercomppb.com.br\/\">AQUI<\/a>.<\/p>\r\n<p>Acompanhe tamb\u00e9m o instagram do evento e tenha acesso r\u00e1pido as informa\u00e7\u00f5es do evento <a href=\"https:\/\/www.instagram.com\/sercomppb\/\">AQUI<\/a>.<\/p>\r\n<p>\r\n\r\n<\/p>\r\n<p><strong>Anais das edi\u00e7\u00f5es anteriores j\u00e1 est\u00e3o dispon\u00edveis:<\/strong><\/p>\r\n<ul class=\"wp-block-list\">\r\n<li style=\"list-style-type: none\">\r\n<ul>\r\n<li><a href=\"https:\/\/www.pimentacultural.com\/livro\/sercomp\">SERCOMP 2018;<\/a><\/li>\r\n<li><a href=\"https:\/\/www.pimentacultural.com\/livro\/sercomp-2019\">SERCOMP 2019.<\/a><\/li>\r\n<\/ul>\r\n<\/li>\r\n<\/ul>\r\n<figure class=\"wp-block-image is-resized\"><\/figure>\r\n\r\n\r\n","protected":false},"excerpt":{"rendered":"<p>&nbsp; SERCOMP (Congresso Sertanejo de Computa\u00e7\u00e3o) O curso de Ci\u00eancia da Computa\u00e7\u00e3o da UEPB &#8211; Campus VII conta com um evento anual, organizado pela Coordena\u00e7\u00e3o em conjunto com o Centro Acad\u00eamico e com o apoio da Dire\u00e7\u00e3o de centro, o SERCOMP, que reune estudantes de gradua\u00e7\u00e3o e curso t\u00e9cnico, docentes e pesquisadores interessados em desenvolver <a class=\"leiamais\" href=\"https:\/\/departamentos.uepb.edu.br\/comp-ccea\/eventos\/\">Leia Mais&#8230;<\/a><\/p>\n","protected":false},"author":21,"featured_media":0,"parent":0,"menu_order":0,"comment_status":"closed","ping_status":"closed","template":"","meta":{"jetpack_post_was_ever_published":false,"footnotes":""},"class_list":["post-121","page","type-page","status-publish","hentry"],"jetpack_sharing_enabled":true,"jetpack_shortlink":"https:\/\/wp.me\/PaWyUo-1X","_links":{"self":[{"href":"https:\/\/departamentos.uepb.edu.br\/comp-ccea\/wp-json\/wp\/v2\/pages\/121","targetHints":{"allow":["GET"]}}],"collection":[{"href":"https:\/\/departamentos.uepb.edu.br\/comp-ccea\/wp-json\/wp\/v2\/pages"}],"about":[{"href":"https:\/\/departamentos.uepb.edu.br\/comp-ccea\/wp-json\/wp\/v2\/types\/page"}],"author":[{"embeddable":true,"href":"https:\/\/departamentos.uepb.edu.br\/comp-ccea\/wp-json\/wp\/v2\/users\/21"}],"replies":[{"embeddable":true,"href":"https:\/\/departamentos.uepb.edu.br\/comp-ccea\/wp-json\/wp\/v2\/comments?post=121"}],"version-history":[{"count":10,"href":"https:\/\/departamentos.uepb.edu.br\/comp-ccea\/wp-json\/wp\/v2\/pages\/121\/revisions"}],"predecessor-version":[{"id":558,"href":"https:\/\/departamentos.uepb.edu.br\/comp-ccea\/wp-json\/wp\/v2\/pages\/121\/revisions\/558"}],"wp:attachment":[{"href":"https:\/\/departamentos.uepb.edu.br\/comp-ccea\/wp-json\/wp\/v2\/media?parent=121"}],"curies":[{"name":"wp","href":"https:\/\/api.w.org\/{rel}","templated":true}]}}