{"id":331,"date":"2014-11-06T13:19:59","date_gmt":"2014-11-06T13:19:59","guid":{"rendered":"https:\/\/departamentos.uepb.edu.br\/estatistica\/?page_id=331"},"modified":"2025-09-11T17:44:01","modified_gmt":"2025-09-11T20:44:01","slug":"empresa-junior","status":"publish","type":"page","link":"https:\/\/departamentos.uepb.edu.br\/estatistica\/empresa-junior\/","title":{"rendered":"Empresa J\u00fanior"},"content":{"rendered":"<p>Quem Somos<\/p>\n<p>A Open Data Analysis J\u00fanior (ODA &#8211; Jr.) foi\u00a0fundada, em 2015, \u00e9 uma associa\u00e7\u00e3o civil sem fins lucrativos, constitu\u00edda e gerenciada por estudantes do curso de Estat\u00edstica da Universidade Estadual da Para\u00edba &#8211; UEPB.\u00a0 Com autonomia administrativa, financeira e disciplinar, a ODA &#8211; Jr.\u00a0tem por finalidade aplicar a teoria ministrada em sala de aula, prestando servi\u00e7os de alta qualidade, como consultoria, cursos e pesquisas, a um custo reduzido, para comunidade acad\u00eamica, empres\u00e1rios, empresas p\u00fablicas e privadas. Estas atividades s\u00e3o desenvolvidas com o acompanhamento e a orienta\u00e7\u00e3o de professores e profissionais especializados, promovendo assim, a excel\u00eancia na prepara\u00e7\u00e3o e no est\u00edmulo da forma\u00e7\u00e3o profissional.<\/p>\n<p>Miss\u00e3o<\/p>\n<p>Prestar servi\u00e7o \u00e0s empresas, empreendedores ou quaisquer interessados em obter melhorias no seu processo ou produtos. Para isto, utilizar\u00e1 t\u00e9cnicas e m\u00e9todos estat\u00edsticos como, planejamentos, modelagem, sumariza\u00e7\u00e3o e a interpreta\u00e7\u00e3o de observa\u00e7\u00f5es, entre outros. Dado que o objetivo \u00e9 a produ\u00e7\u00e3o da melhor informa\u00e7\u00e3o poss\u00edvel, de modo a contribuir para capacita\u00e7\u00e3o de membros e comunidade acad\u00eamica.<\/p>\n<p>&nbsp;<\/p>\n<p>Vis\u00e3o<\/p>\n<p>Se tornar refer\u00eancia no mercado onde atua, atrav\u00e9s da credibilidade e excel\u00eancia nos servi\u00e7os de consultoria, cursos e pesquisas.<\/p>\n<p>&nbsp;<\/p>\n<p>Nossos Valores<\/p>\n<ul>\n<li>Inova\u00e7\u00e3o<\/li>\n<li>Lideran\u00e7a<\/li>\n<li>Compromisso<\/li>\n<li>\u00c9tica<\/li>\n<li>Profissionalismo<\/li>\n<li>Qualidade<\/li>\n<\/ul>\n<p>&nbsp;<\/p>\n<p>Atua\u00e7\u00e3o<\/p>\n<p>A ODA Jr. tem atua\u00e7\u00e3o em diversas \u00e1reas,\u00a0 tais como <span class=\"color_33\">pesquisa de mercado e opini\u00e3o, bioestat\u00edstica, planejamento de experimentos, delineamentos \u00f3timos, controle de qualidade<\/span>, entre outras. Maiores informa\u00e7\u00f5es no site da empresa.<\/p>\n<p>&nbsp;<\/p>\n<p>Equipe<\/p>\n<p>A empresa \u00e9 composta por alunos do curso de Estat\u00edstica da UEPB que gerenciam os projetos sob aux\u00edlio e supervis\u00e3o dos professores e doutores do DE\/CCT\/UEPB (Departamento de Estat\u00edstica do Centro de Ci\u00eancias e Tecnologia da UEPB). Sua diretoria \u00e9 composta por:<\/p>\n<p>Presidente<\/p>\n<ul>\n<li>Rodolfo Crystian \u00a0(odajrpresidencia@gmail.com)<\/li>\n<\/ul>\n<p>Vice-presidente<\/p>\n<ul>\n<li>Kildery Diniz (e-mail: opendatavicepresidencia@gmail.com)<\/li>\n<\/ul>\n<p>Diretor Financeiro<\/p>\n<ul>\n<li>Alisson de Lima Brito (e-mail:\u00a0alissonjs95@gmail.com)<\/li>\n<\/ul>\n<p>Diretor Administrativo<\/p>\n<ul>\n<li>Leandro Valter (e-mail:\u00a0leandro.vvalter@gmail.com)<\/li>\n<\/ul>\n<p>Diretor de Gest\u00e3o de Pessoas<\/p>\n<ul>\n<li>Cleanderson Fidelis (e-mail:\u00a0cleanderson_@live.com)<\/li>\n<\/ul>\n<p>Diretora de Marketing<\/p>\n<ul>\n<li>Natacha Neves (e-mail:\u00a0natacha_neves@hotmail.com)<\/li>\n<\/ul>\n<p>Diretora de Projetos<\/p>\n<ul>\n<li>Lizanka Almeida (e-mail:\u00a0lizanka.almeida@yahoo.com.br)<\/li>\n<\/ul>\n<p>Diretora de Qualidade<\/p>\n<ul>\n<li>Rafaella Vitorino (e-mail:\u00a0rafaellla_17@yahoo.com.br)<\/li>\n<\/ul>\n<p>Maiores informa\u00e7\u00f5es clique no link com o nome da\u00a0<a href=\"http:\/\/opendatajr.wix.com\/opendatajr\" target=\"_blank\" rel=\"noopener\">Open Data Analysis Jr.<\/a><\/p>\n<p>&nbsp;<\/p>\n","protected":false},"excerpt":{"rendered":"<p>Quem Somos A Open Data Analysis J\u00fanior (ODA &#8211; Jr.) foi\u00a0fundada, em 2015, \u00e9 uma associa\u00e7\u00e3o civil sem fins lucrativos, constitu\u00edda e gerenciada por estudantes do curso de Estat\u00edstica da Universidade Estadual da Para\u00edba &#8211; UEPB.\u00a0 Com autonomia administrativa, financeira e disciplinar, a ODA &#8211; Jr.\u00a0tem por finalidade aplicar a teoria ministrada em sala de <a class=\"leiamais\" href=\"https:\/\/departamentos.uepb.edu.br\/estatistica\/empresa-junior\/\">Leia Mais&#8230;<\/a><\/p>\n","protected":false},"author":3,"featured_media":0,"parent":0,"menu_order":3,"comment_status":"open","ping_status":"open","template":"","meta":{"jetpack_post_was_ever_published":false,"footnotes":""},"class_list":["post-331","page","type-page","status-publish","hentry"],"jetpack_sharing_enabled":true,"jetpack_shortlink":"https:\/\/wp.me\/P7IIha-5l","_links":{"self":[{"href":"https:\/\/departamentos.uepb.edu.br\/estatistica\/wp-json\/wp\/v2\/pages\/331","targetHints":{"allow":["GET"]}}],"collection":[{"href":"https:\/\/departamentos.uepb.edu.br\/estatistica\/wp-json\/wp\/v2\/pages"}],"about":[{"href":"https:\/\/departamentos.uepb.edu.br\/estatistica\/wp-json\/wp\/v2\/types\/page"}],"author":[{"embeddable":true,"href":"https:\/\/departamentos.uepb.edu.br\/estatistica\/wp-json\/wp\/v2\/users\/3"}],"replies":[{"embeddable":true,"href":"https:\/\/departamentos.uepb.edu.br\/estatistica\/wp-json\/wp\/v2\/comments?post=331"}],"version-history":[{"count":31,"href":"https:\/\/departamentos.uepb.edu.br\/estatistica\/wp-json\/wp\/v2\/pages\/331\/revisions"}],"predecessor-version":[{"id":768,"href":"https:\/\/departamentos.uepb.edu.br\/estatistica\/wp-json\/wp\/v2\/pages\/331\/revisions\/768"}],"wp:attachment":[{"href":"https:\/\/departamentos.uepb.edu.br\/estatistica\/wp-json\/wp\/v2\/media?parent=331"}],"curies":[{"name":"wp","href":"https:\/\/api.w.org\/{rel}","templated":true}]}}