{"id":747,"date":"2025-06-09T10:49:05","date_gmt":"2025-06-09T13:49:05","guid":{"rendered":"https:\/\/departamentos.uepb.edu.br\/estatistica\/?page_id=747"},"modified":"2025-06-09T11:04:26","modified_gmt":"2025-06-09T14:04:26","slug":"pagina-inicial","status":"publish","type":"page","link":"https:\/\/departamentos.uepb.edu.br\/estatistica\/","title":{"rendered":"P\u00e1gina Inicial"},"content":{"rendered":"<div class=\"wpb-content-wrapper\"><p>[vc_row][vc_column width=&#8221;2\/3&#8243;][vc_text_separator title=&#8221;\u00daltimas Not\u00edcias&#8221; i_icon_fontawesome=&#8221;fa fa-solid fa-newspaper&#8221; i_color=&#8221;custom&#8221; title_align=&#8221;separator_align_left&#8221; css=&#8221;&#8221; add_icon=&#8221;true&#8221; i_custom_color=&#8221;#CC0000&#8243;]<div class=\"mdl-grid\"><div class=\"mdl-cell--12-col bloco-noticias\"><div class=\"titulo-noticia-widget\"><a href=\"https:\/\/departamentos.uepb.edu.br\/estatistica\/2016\/07\/22\/encontro-mineiro-de-estatistica\/\"><h3 class=\"titulo-destaque-noticia\">Encontro Mineiro de Estatistica<\/h3><\/a><\/div><div class=\"titulo-noticia-widget\"><a href=\"https:\/\/departamentos.uepb.edu.br\/estatistica\/2016\/04\/04\/encontro-paraibano-de-estatistica\/\"><h3 class=\"titulo-destaque-noticia\">Encontro Paraibano de Estat\u00edstica<\/h3><\/a><\/div><div class=\"titulo-noticia-widget\"><a href=\"https:\/\/departamentos.uepb.edu.br\/estatistica\/2015\/06\/15\/certificados-do-encontro-comemorativo-aos-50-anos-da-profissao-de-estatistico-no-brasil\/\"><h3 class=\"titulo-destaque-noticia\">Certificados do Encontro Comemorativo aos 50 anos da Profiss\u00e3o de Estat\u00edstico no Brasil<\/h3><\/a><\/div><div class=\"titulo-noticia-widget\"><a href=\"https:\/\/departamentos.uepb.edu.br\/estatistica\/2015\/04\/30\/programacao-do-encontro-comemorativo-aos-50-anos-da-profissao-de-estatistico-no-brasil\/\"><h3 class=\"titulo-destaque-noticia\">Programa\u00e7\u00e3o do Encontro Comemorativo aos 50 anos da Profiss\u00e3o de Estat\u00edstico no Brasil<\/h3><\/a><\/div><\/div><\/div>[\/vc_column][vc_column width=&#8221;1\/3&#8243;][vc_text_separator title=&#8221;Acesso R\u00e1pido&#8221; i_icon_fontawesome=&#8221;fa fa-solid fa-newspaper&#8221; i_color=&#8221;custom&#8221; title_align=&#8221;separator_align_left&#8221; css=&#8221;&#8221; add_icon=&#8221;true&#8221; i_custom_color=&#8221;#CC0000&#8243;][vc_btn title=&#8221;Biblioteca&#8221; style=&#8221;flat&#8221; shape=&#8221;square&#8221; color=&#8221;info&#8221; size=&#8221;lg&#8221; align=&#8221;left&#8221; css=&#8221;.vc_custom_1749477822543{margin-bottom: 10px !important;}&#8221; button_block=&#8221;true&#8221; link=&#8221;url:http%3A%2F%2Fbiblioteca.uepb.edu.br|target:_blank&#8221;][vc_btn title=&#8221;CONFE&#8221; style=&#8221;flat&#8221; shape=&#8221;square&#8221; color=&#8221;danger&#8221; size=&#8221;lg&#8221; align=&#8221;left&#8221; css=&#8221;.vc_custom_1749477864814{margin-bottom: 10px !important;}&#8221; button_block=&#8221;true&#8221; link=&#8221;url:https%3A%2F%2Fwww.confe.org.br%2F|target:_blank&#8221;][vc_btn title=&#8221;ABE&#8221; style=&#8221;flat&#8221; shape=&#8221;square&#8221; color=&#8221;success&#8221; size=&#8221;lg&#8221; align=&#8221;left&#8221; css=&#8221;.vc_custom_1749477886942{margin-bottom: 10px !important;}&#8221; button_block=&#8221;true&#8221; link=&#8221;url:https%3A%2F%2Fwww.redeabe.org.br%2F|target:_blank&#8221;][vc_text_separator title=&#8221;Contato&#8221; i_icon_fontawesome=&#8221;fa fa-solid fa-phone&#8221; i_color=&#8221;custom&#8221; title_align=&#8221;separator_align_left&#8221; css=&#8221;&#8221; add_icon=&#8221;true&#8221; i_custom_color=&#8221;#CC0000&#8243;][vc_column_text css=&#8221;&#8221;]Rua Bara\u00fanas, 351 &#8211; Bairro Universit\u00e1rio<br \/>\nCEP 58429-500<br \/>\nCampina Grande-PB<\/p>\n<p>Tel.: (83)3315-3459<\/p>\n<p>Email: \u00a0de@cct.uepb.edu.br[\/vc_column_text][\/vc_column][\/vc_row][vc_row][vc_column][\/vc_column][\/vc_row]<\/p>\n<\/div>","protected":false},"excerpt":{"rendered":"<p>[vc_row][vc_column width=&#8221;2\/3&#8243;][vc_text_separator title=&#8221;\u00daltimas Not\u00edcias&#8221; i_icon_fontawesome=&#8221;fa fa-solid fa-newspaper&#8221; i_color=&#8221;custom&#8221; title_align=&#8221;separator_align_left&#8221; css=&#8221;&#8221; add_icon=&#8221;true&#8221; i_custom_color=&#8221;#CC0000&#8243;][\/vc_column][vc_column width=&#8221;1\/3&#8243;][vc_text_separator title=&#8221;Acesso R\u00e1pido&#8221; i_icon_fontawesome=&#8221;fa fa-solid fa-newspaper&#8221; i_color=&#8221;custom&#8221; title_align=&#8221;separator_align_left&#8221; css=&#8221;&#8221; add_icon=&#8221;true&#8221; i_custom_color=&#8221;#CC0000&#8243;][vc_btn title=&#8221;Biblioteca&#8221; style=&#8221;flat&#8221; shape=&#8221;square&#8221; color=&#8221;info&#8221; size=&#8221;lg&#8221; align=&#8221;left&#8221; css=&#8221;.vc_custom_1749477822543{margin-bottom: 10px !important;}&#8221; button_block=&#8221;true&#8221; link=&#8221;url:http%3A%2F%2Fbiblioteca.uepb.edu.br|target:_blank&#8221;][vc_btn title=&#8221;CONFE&#8221; style=&#8221;flat&#8221; shape=&#8221;square&#8221; color=&#8221;danger&#8221; size=&#8221;lg&#8221; align=&#8221;left&#8221; css=&#8221;.vc_custom_1749477864814{margin-bottom: 10px !important;}&#8221; button_block=&#8221;true&#8221; link=&#8221;url:https%3A%2F%2Fwww.confe.org.br%2F|target:_blank&#8221;][vc_btn title=&#8221;ABE&#8221; style=&#8221;flat&#8221; shape=&#8221;square&#8221; color=&#8221;success&#8221; size=&#8221;lg&#8221; align=&#8221;left&#8221; css=&#8221;.vc_custom_1749477886942{margin-bottom: 10px !important;}&#8221; button_block=&#8221;true&#8221; <a class=\"leiamais\" href=\"https:\/\/departamentos.uepb.edu.br\/estatistica\/\">Leia Mais&#8230;<\/a><\/p>\n","protected":false},"author":16,"featured_media":0,"parent":0,"menu_order":0,"comment_status":"closed","ping_status":"closed","template":"","meta":{"jetpack_post_was_ever_published":false,"footnotes":""},"class_list":["post-747","page","type-page","status-publish","hentry"],"jetpack_sharing_enabled":true,"jetpack_shortlink":"https:\/\/wp.me\/P7IIha-c3","_links":{"self":[{"href":"https:\/\/departamentos.uepb.edu.br\/estatistica\/wp-json\/wp\/v2\/pages\/747","targetHints":{"allow":["GET"]}}],"collection":[{"href":"https:\/\/departamentos.uepb.edu.br\/estatistica\/wp-json\/wp\/v2\/pages"}],"about":[{"href":"https:\/\/departamentos.uepb.edu.br\/estatistica\/wp-json\/wp\/v2\/types\/page"}],"author":[{"embeddable":true,"href":"https:\/\/departamentos.uepb.edu.br\/estatistica\/wp-json\/wp\/v2\/users\/16"}],"replies":[{"embeddable":true,"href":"https:\/\/departamentos.uepb.edu.br\/estatistica\/wp-json\/wp\/v2\/comments?post=747"}],"version-history":[{"count":6,"href":"https:\/\/departamentos.uepb.edu.br\/estatistica\/wp-json\/wp\/v2\/pages\/747\/revisions"}],"predecessor-version":[{"id":755,"href":"https:\/\/departamentos.uepb.edu.br\/estatistica\/wp-json\/wp\/v2\/pages\/747\/revisions\/755"}],"wp:attachment":[{"href":"https:\/\/departamentos.uepb.edu.br\/estatistica\/wp-json\/wp\/v2\/media?parent=747"}],"curies":[{"name":"wp","href":"https:\/\/api.w.org\/{rel}","templated":true}]}}